nvert -234 (base 9) to base 13.
-11b
Convert -1 (base 13) to base 7.
-1
What is 2 (base 5) in base 16?
2
-13 (base 4) to base 12
-7
Convert -b (base 14) to base 11.
-10
Convert 212 (base 4) to base 3.
1102
-1 (base 14) to base 15
-1
Convert -101 (base 2) to base 10.
-5
Convert -45 (base 7) to base 13.
-27
What is 66 (base 16) in base 12?
86
Convert 335 (base 7) to base 11.
148
Convert 2a (base 16) to base 3.
1120
What is -1100100 (base 2) in base 3?
-10201
4 (base 9) to base 3
11
What is -3 (base 8) in base 6?
-3
7 (base 16) to base 3
21
-1 (base 5) to base 10
-1
Convert 304 (base 10) to base 3.
102021
Convert 0 (base 7) to base 3.
0
What is 153 (base 14) in base 11?
225
What is -110 (base 2) in base 15?
-6
-8 (base 15) to base 2
-1000
c (base 15) to base 5
22
What is -5 (base 9) in base 8?
-5
What is -36 (base 8) in base 14?
-22
7 (base 9) to base 14
7
-4 (base 11) to base 13
-4
Convert 100111 (base 2) to base 9.
43
Convert -5 (base 8) to base 7.
-5
-1 (base 8) to base 7
-1
Convert -110 (base 4) to base 5.
-40
What is 3 (base 7) in base 8?
3
-1 (base 12) to base 16
-1
What is -1 (base 10) in base 2?
-1
Convert -13 (base 5) to base 10.
-8
Convert -102012 (base 3) to base 11.
-255
2c (base 16) to base 4
230
What is -122 (base 6) in base 8?
-62
7 (base 16) to base 10
7
Convert -30 (base 4) to base 9.
-13
What is -11c (base 14) in base 16?
-de
What is 221 (base 4) in base 14?
2d
32 (base 16) to base 11
46
Convert -24 (base 7) to base 12.
-16
-41 (base 11) to base 15
-30
-d (base 15) to base 16
-d
What is -1 (base 15) in base 8?
-1
-13 (base 7) to base 11
-a
0 (base 3) to base 14
0
-21 (base 7) to base 16
-f
Convert 50 (base 6) to base 3.
1010
What is 8 (base 12) in base 13?
8
What is -310 (base 4) in base 12?
-44
2 (base 5) to base 7
2
Convert 3 (base 7) to base 15.
3
-60 (base 10) to base 16
-3c
13 (base 10) to base 7
16
-11 (base 3) to base 7
-4
What is -21 (base 3) in base 6?
-11
Convert -2 (base 3) to base 15.
-2
Convert 313 (base 5) to base 9.
102
What is -1 (base 7) in base 8?
-1
What is 0 (base 3) in base 13?
0
112222 (base 3) to base 8
624
-233 (base 6) to base 3
-10110
Convert -2b (base 15) to base 6.
-105
What is 3 (base 8) in base 4?
3
Convert 333 (base 11) to base 15.
1b9
1 (base 4) to base 15
1
-4 (base 11) to base 5
-4
1 (base 4) to base 10
1
What is 186 (base 10) in base 16?
ba
What is 100111 (base 3) in base 2?
100000000
What is 11100 (base 2) in base 16?
1c
Convert 1 (base 11) to base 8.
1
Convert 2 (base 14) to base 6.
2
Convert 5 (base 9) to base 12.
5
What is 0 (base 15) in base 16?
0
What is 23 (base 5) in base 13?
10
-3 (base 16) to base 3
-10
-15 (base 12) to base 5
-32
Convert -153 (base 7) to base 10.
-87
What is 38 (base 12) in base 4?
230
7b (base 14) to base 2
1101101
What is 3 (base 15) in base 9?
3
What is 6 (base 12) in base 11?
6
Convert 2 (base 16) to base 4.
2
Convert 14 (base 5) to base 3.
100
-3 (base 12) to base 13
-3
-30 (base 4) to base 6
-20
13 (base 10) to base 12
11
What is -10133 (base 4) in base 12?
-1bb
-2 (base 5) to base 3
-2
Convert -23 (base 14) to base 2.
-11111
3e (base 15) to base 5
214
What is -25 (base 9) in base 5?
-43
What is -2 (base 15) in base 3?
-2
Convert -2e (base 16) to base 4.
-232
0 (base 2) to base 14
0
1e (base 16) to base 4
132
Convert -7 (base 16) to base 6.
-11
Convert 16 (base 13) to base 16.
13
What is 17 (base 11) in base 3?
200
What is 0 (base 5) in base 10?
0
Convert -13 (base 11) to base 4.
-32
Convert 3002 (base 4) to base 6.
522
Convert -27 (base 10) to base 7.
-36
-1 (base 13) to base 6
-1
What is 25 (base 8) in base 9?
23
What is 100101 (base 2) in base 6?
101
What is 4 (base 6) in base 3?
11
What is -55 (base 10) in base 8?
-67
Convert 98 (base 16) to base 9.
178
Convert 2120 (base 3) to base 6.
153
Convert -6 (base 8) to base 3.
-20
-2c (base 16) to base 9
-48
-9 (base 10) to base 15
-9
0 (base 6) to base 2
0
What is 10 (base 4) in base 13?
4
Convert 230 (base 4) to base 5.
134
-2 (base 13) to base 10
-2
Convert -13 (base 4) to base 2.
-111
What is 110210 (base 3) in base 15?
180
-4 (base 6) to base 2
-100
Convert -3 (base 11) to base 6.
-3
10011 (base 2) to base 13
16
-5 (base 11) to base 6
-5
What is 0 (base 13) in base 7?
0
What is -1000100 (base 2) in base 7?
-125
-3 (base 8) to base 12
-3
-12 (base 4) to base 16
-6
What is -53 (base 7) in base 12?
-32
What is 7 (base 13) in base 6?
11
What is 30 (base 10) in base 6?
50
What is -1000 (base 2) in base 6?
-12
-2 (base 16) to base 15
-2
-24 (base 5) to base 2
-1110
10 (base 13) to base 11
12
Convert -3 (base 12) to base 4.
-3
What is 6 (base 12) in base 9?
6
Convert -139 (base 13) to base 4.
-3121
1110 (base 3) to base 7
54
Convert 413 (base 7) to base 15.
db
What is -22 (base 11) in base 13?
-1b
What is -11 (base 6) in base 12?
-7
22 (base 5) to base 6
20
What is -1 (base 6) in base 7?
-1
What is 6d (base 14) in base 10?
97
-5e (base 16) to base 11
-86
Convert -2 (base 16) to base 6.
-2
Convert -11 (base 3) to base 2.
-100
Convert -3a (base 15) to base 9.
-61
-50 (base 7) to base 14
-27
Convert -1 (base 10) to base 7.
-1
-10 (base 4) to base 2
-100
5 (base 13) to base 8
5
Convert 220 (base 4) to base 16.
28
-3 (base 13) to base 15
-3
10000 (base 2) to base 3
121
3 (base 13) to base 8
3
10110 (base 2) to base 11
20
Convert -10 (base 3) to base 6.
-3
-11 (base 2) to base 12
-3
Convert -a (base 12) to base 8.
-12
-31 (base 4) to base 14
-d
What is -11 (base 2) in base 3?
-10
Convert 24 (base 12) to base 6.
44
8 (base 12) to base 14
8
Convert 8 (base 12) to base 13.
8
What is b5 (base 13) in base 16?
94
26 (base 7) to base 13
17
Convert 175 (base 9) to base 12.
105
Convert 205 (base 6) to base 8.
115
-53 (base 9) to base 6
-120
-102000 (base 3) to base 10
-297
Convert -14 (base 11) to base 9.
-16
What is 3 (base 14) in base 11?
3
What is -26 (base 12) in base 10?
-30
Convert 4b (base 14) to base 10.
67
230 (base 7) to base 16
77
Convert 14 (base 9) to base 10.
13
Convert 3 (base 13) to base 12.
3
-b (base 13) to base 14
-b
What is 10 (base 10) in base 7?
13
Convert 220 (base 3) to base 4.
120
Convert 250 (base 11) to base 13.
19b
Convert -17 (base 13) to base 7.
-26
Convert 1200 (base 5) to base 9.
214
Convert -1d (base 14) to base 9.
-30
What is 1 (base 8) in base 9?
1
What is 1 (base 5) in base 7?
1
3 (base 11) to base 8
3
What is -2 (base 15) in base 7?
-2
Convert 22 (base 14) to base 6.
50
What is 4 (base 14) in base 9?
4
Convert 10 (base 9) to base 11.
9
30 (base 9) to base 16
1b
Convert 0 (base 8) to base 3.
0
Convert 10 (base 6) to base 5.
11
What is -47 (base 13) in base 6?
-135
What is 3 (base 14) in base 9?
3
-321 (base 5) to base 11
-79
24 (base 5) to base 15
e
What is -1 (base 5) in base 7?
-1
Convert 10 (base 11) to base 16.
b
Convert -2 (base 9) to base 8.
-2
3 (base 8) to base 9
3
-100111110 (base 2) to base 7
-633
Convert 2c (base 16) to base 14.
32
41 (base 9) to base 13
2b
3 (base 7) to base 9
3
Convert 10111 (base 2) to base 16.
17
10 (base 12) to base 8
14
What is -1 (base 6) in base 5?
-1
62 (base 7) to base 12
38
Convert -14 (base 7) to base 11.
-10
Convert 21 (base 5) to base 16.
b
Convert 303 (base 4) to base 9.
56
Convert 32 (base 7) to base 8.
27
What is 1a (base 11) in base 8?
25
What is -11 (base 7) in base 5?
-13
Convert 71 (base 12) to base 14.
61
-1010 (base 2) to base 3
-101
-16 (base 12) to base 2
-10010
Convert -155 (base 11) to base 5.
-1211
What is 12 (base 8) in base 15?
a
What is 20 (base 7) in base 11?
13
What is 2 (base 5) in base 6?
2
Convert -13 (base 5) to base 8.
-10
Convert 5 (base 10) to base 9.
5
-100 (base 10) to base 9
-121
-2 (base 12) to base 15
-2
Convert 2 (base 4) to base 10.
2
Convert 7 (base 8) to base 6.
11
-233 (base 8) to base 16
-9b
3 (base 9) to base 4
3
Convert -3 (base 4) to base 5.
-3
What is -211 (base 5) in base 8?
-70
What is -30 (base 6) in base 8?
-22
What is 115 (base 9) in base 13?
74
0 (base 9) to base 11
0
-2 (base 10) to base 16
-2
10011101 (base 2) to base 15
a7
-1 (base 12) to base 13
-1
Convert 4 (base 14) to base 15.
4
-4 (base 9) to base 8
-4
13 (base 4) to base 6
11
What is 4 (base 13) in base 15?
4
25 (base 6) to base 5
32
What is 0 (base 15) in base 2?
0
-17 (base 14) to base 9
-23
6 (base 14) to base 8
6
Convert -12 (base 4) to bas